{"id":61,"date":"2015-04-14T11:48:23","date_gmt":"2015-04-14T09:48:23","guid":{"rendered":"http:\/\/kraege.de\/kraege-21\/?page_id=61"},"modified":"2020-01-14T11:52:29","modified_gmt":"2020-01-14T10:52:29","slug":"remontierende-sorten","status":"publish","type":"page","link":"https:\/\/kraege.de\/pol\/produkty\/truskawki\/remontierende-sorten\/","title":{"rendered":"Odmiany stale owocuj\u0105ce"},"content":{"rendered":"<p>Uprawa odmian stale owocuj\u0105cych truskawek w ostatnich latach stale ros\u0142a.<\/p>\n<p>W przesz\u0142o\u015bci cz\u0119sto te odmiany by\u0142y nie do przyj\u0119cia pod wzgl\u0119dem smaku, tak w dzisiejszych czasch wiele nowych odmian jest du\u017co lepszych. Z pewno\u015bci\u0105 jest inny pow\u00f3d ni\u017c tylko smak a mianowicie silne rozszerzanie kultury substratu w tunelu foliowym i szklarni. Te do\u015bwiadczenie zach\u0119caja hodowc\u00f3w do wypr\u00f3bowania tych kultur. Remontierenden odmiany sadzonek truskawek s\u0105 tak\u017ce zwanymi \u201estale owocuj\u0105ce\u201d odmiany.<br \/>\nW przeciwi\u0119\u0144stwie do jednorazowo owocuj\u0105cych odmian, ro\u015bliny te mog\u0105, w odpowiednich warunkach pogodowych, przy dobrym \u015bwietle i temperaturze kwiatn\u0105 przez ca\u0142y rok. Pozwalaj\u0105 w ten spos\u00f3b prawie na ca\u0142oroczna upraw\u0119 truskawek.<\/p>\n<p>Zbi\u00f3r takich odmian odbywa si\u0119 w kilku kolejnych \u201efalach \u017cniwnych\u201d.<br \/>\nW zale\u017cno\u015bci od terminu sadzenia i uprawy wydajno\u015b\u0107 pojedynczej ro\u015bliny mo\u017ce by\u0107 zwi\u0119kszona. Precyzyjne planowanie wielko\u015bci i okresu zbior\u00f3w jest przy tym bardzo wa\u017cne.<br \/>\nW uprawie chronionej istnieje mo\u017cliwo\u015b\u0107 r\u00f3\u017cnych interesuj\u0105cych kombinacji z silnymi ro\u015blinami Frigo (A +, ro\u015bliny oczekuj\u0105ce lub ro\u015bliny tray).<br \/>\nDaje to mo\u017cliwo\u015b\u0107 ju\u017c istniej\u0105cych w tunnelach foliowych\/szklarniach kilka razy w jednym roku u\u017cytkowa\u0107. (patrz zdj\u0119cie).<\/p>\n<p>Po 60-dniowo terminowej uprawie na wiosn\u0119 z silnych ro\u015blin Frigo, po zbiorach zostaje ta ro\u015blina usuni\u0119ta i wymieniona przez ro\u015blin\u0119 stale owocuj\u0105c\u0105.<br \/>\nW najlepszym przypadku by\u0142y te ro\u015bliny ju\u017c na wiosn\u0119 posadzone w odpowiednich pojemnikach i wst\u0119pnie w nich uprawiane. Po wymianie ro\u015blin uprawa mo\u017ce by\u0107 od razu kontynuowana bez d\u0142u\u017cszej przerwy pomiedzy.<\/p>\n<p>Po zbiorach w pierwszym roku, w zale\u017cno\u015bci od odmiany i wi\u0119lko\u015bci mo\u017cna j\u0105 zostawi\u0107 i zebra\u0107 w nast\u0119pnym roku. Co oznacza \u017ce ro\u015bliny zostan\u0105 na zim\u0119 w tunalach a w nast\u0119pnym roku ponownie zebrane.<\/p>\n<p>Zbiory w drugim roku terminowej uprawy mog\u0105 trwa\u0107 do pa\u017adziernika.<\/p>\n<p>Nast\u0119pnie pozostaje tunel zim\u0105 pusty i po\u017cniej znowu zacznie si\u0119 sadzenie mocnej frigo ro\u015bliny w uprawie 60-dniowej.<br \/>\nInna mo\u017cliwo\u015bcia jest zbi\u00f3r tylko do lipca a p\u00f3\u017aniej z nowym posadzeniem.<\/p>\n","protected":false},"excerpt":{"rendered":"<p>Uprawa odmian stale owocuj\u0105cych truskawek w ostatnich latach stale ros\u0142a. W przesz\u0142o\u015bci cz\u0119sto te odmiany by\u0142y nie do przyj\u0119cia pod wzgl\u0119dem smaku, tak w dzisiejszych czasch wiele nowych odmian jest du\u017co lepszych. Z pewno\u015bci\u0105 jest inny pow\u00f3d ni\u017c tylko smak a mianowicie silne rozszerzanie kultury substratu w tunelu foliowym i szklarni. Te do\u015bwiadczenie zach\u0119caja hodowc\u00f3w [&hellip;]<\/p>\n","protected":false},"author":1,"featured_media":0,"parent":547,"menu_order":7,"comment_status":"open","ping_status":"closed","template":"page_frucht.php","meta":[],"yoast_head":"<!-- This site is optimized with the Yoast SEO plugin v17.2.1 - https:\/\/yoast.com\/wordpress\/plugins\/seo\/ -->\n<meta name=\"robots\" content=\"index, follow, max-snippet:-1, max-image-preview:large, max-video-preview:-1\" \/>\n<link rel=\"canonical\" href=\"https:\/\/kraege.de\/pol\/produkty\/truskawki\/remontierende-sorten\/\" \/>\n<meta property=\"og:locale\" content=\"pl_PL\" \/>\n<meta property=\"og:type\" content=\"article\" \/>\n<meta property=\"og:title\" content=\"Odmiany stale owocuj\u0105ce - KRAEGE Beerenpflanzen POL\" \/>\n<meta property=\"og:description\" content=\"Uprawa odmian stale owocuj\u0105cych truskawek w ostatnich latach stale ros\u0142a. W przesz\u0142o\u015bci cz\u0119sto te odmiany by\u0142y nie do przyj\u0119cia pod wzgl\u0119dem smaku, tak w dzisiejszych czasch wiele nowych odmian jest du\u017co lepszych. Z pewno\u015bci\u0105 jest inny pow\u00f3d ni\u017c tylko smak a mianowicie silne rozszerzanie kultury substratu w tunelu foliowym i szklarni. Te do\u015bwiadczenie zach\u0119caja hodowc\u00f3w [&hellip;]\" \/>\n<meta property=\"og:url\" content=\"https:\/\/kraege.de\/pol\/produkty\/truskawki\/remontierende-sorten\/\" \/>\n<meta property=\"og:site_name\" content=\"KRAEGE Beerenpflanzen POL\" \/>\n<meta property=\"article:modified_time\" content=\"2020-01-14T10:52:29+00:00\" \/>\n<meta name=\"twitter:card\" content=\"summary\" \/>\n<meta name=\"twitter:label1\" content=\"Szacowany czas czytania\" \/>\n\t<meta name=\"twitter:data1\" content=\"2 minuty\" \/>\n<script type=\"application\/ld+json\" class=\"yoast-schema-graph\">{\"@context\":\"https:\/\/schema.org\",\"@graph\":[{\"@type\":\"WebSite\",\"@id\":\"https:\/\/kraege.de\/pol\/#website\",\"url\":\"https:\/\/kraege.de\/pol\/\",\"name\":\"KRAEGE Beerenpflanzen POL\",\"description\":\"Erdbeeren und Himbeeren aus der Region | Telgte | M\\u00fcnster | Warendorf\",\"potentialAction\":[{\"@type\":\"SearchAction\",\"target\":{\"@type\":\"EntryPoint\",\"urlTemplate\":\"https:\/\/kraege.de\/pol\/?s={search_term_string}\"},\"query-input\":\"required name=search_term_string\"}],\"inLanguage\":\"pl-PL\"},{\"@type\":\"WebPage\",\"@id\":\"https:\/\/kraege.de\/pol\/produkty\/truskawki\/remontierende-sorten\/#webpage\",\"url\":\"https:\/\/kraege.de\/pol\/produkty\/truskawki\/remontierende-sorten\/\",\"name\":\"Odmiany stale owocuj\\u0105ce - KRAEGE Beerenpflanzen POL\",\"isPartOf\":{\"@id\":\"https:\/\/kraege.de\/pol\/#website\"},\"datePublished\":\"2015-04-14T09:48:23+00:00\",\"dateModified\":\"2020-01-14T10:52:29+00:00\",\"breadcrumb\":{\"@id\":\"https:\/\/kraege.de\/pol\/produkty\/truskawki\/remontierende-sorten\/#breadcrumb\"},\"inLanguage\":\"pl-PL\",\"potentialAction\":[{\"@type\":\"ReadAction\",\"target\":[\"https:\/\/kraege.de\/pol\/produkty\/truskawki\/remontierende-sorten\/\"]}]},{\"@type\":\"BreadcrumbList\",\"@id\":\"https:\/\/kraege.de\/pol\/produkty\/truskawki\/remontierende-sorten\/#breadcrumb\",\"itemListElement\":[{\"@type\":\"ListItem\",\"position\":1,\"name\":\"Home\",\"item\":\"https:\/\/kraege.de\/pol\/\"},{\"@type\":\"ListItem\",\"position\":2,\"name\":\"Produkty\",\"item\":\"https:\/\/kraege.de\/pol\/produkty\/\"},{\"@type\":\"ListItem\",\"position\":3,\"name\":\"Truskawki\",\"item\":\"https:\/\/kraege.de\/pol\/produkty\/truskawki\/\"},{\"@type\":\"ListItem\",\"position\":4,\"name\":\"Odmiany stale owocuj\\u0105ce\"}]}]}<\/script>\n<!-- \/ Yoast SEO plugin. -->","yoast_head_json":{"robots":{"index":"index","follow":"follow","max-snippet":"max-snippet:-1","max-image-preview":"max-image-preview:large","max-video-preview":"max-video-preview:-1"},"canonical":"https:\/\/kraege.de\/pol\/produkty\/truskawki\/remontierende-sorten\/","og_locale":"pl_PL","og_type":"article","og_title":"Odmiany stale owocuj\u0105ce - KRAEGE Beerenpflanzen POL","og_description":"Uprawa odmian stale owocuj\u0105cych truskawek w ostatnich latach stale ros\u0142a. W przesz\u0142o\u015bci cz\u0119sto te odmiany by\u0142y nie do przyj\u0119cia pod wzgl\u0119dem smaku, tak w dzisiejszych czasch wiele nowych odmian jest du\u017co lepszych. Z pewno\u015bci\u0105 jest inny pow\u00f3d ni\u017c tylko smak a mianowicie silne rozszerzanie kultury substratu w tunelu foliowym i szklarni. Te do\u015bwiadczenie zach\u0119caja hodowc\u00f3w [&hellip;]","og_url":"https:\/\/kraege.de\/pol\/produkty\/truskawki\/remontierende-sorten\/","og_site_name":"KRAEGE Beerenpflanzen POL","article_modified_time":"2020-01-14T10:52:29+00:00","twitter_card":"summary","twitter_misc":{"Szacowany czas czytania":"2 minuty"},"schema":{"@context":"https:\/\/schema.org","@graph":[{"@type":"WebSite","@id":"https:\/\/kraege.de\/pol\/#website","url":"https:\/\/kraege.de\/pol\/","name":"KRAEGE Beerenpflanzen POL","description":"Erdbeeren und Himbeeren aus der Region | Telgte | M\u00fcnster | Warendorf","potentialAction":[{"@type":"SearchAction","target":{"@type":"EntryPoint","urlTemplate":"https:\/\/kraege.de\/pol\/?s={search_term_string}"},"query-input":"required name=search_term_string"}],"inLanguage":"pl-PL"},{"@type":"WebPage","@id":"https:\/\/kraege.de\/pol\/produkty\/truskawki\/remontierende-sorten\/#webpage","url":"https:\/\/kraege.de\/pol\/produkty\/truskawki\/remontierende-sorten\/","name":"Odmiany stale owocuj\u0105ce - KRAEGE Beerenpflanzen POL","isPartOf":{"@id":"https:\/\/kraege.de\/pol\/#website"},"datePublished":"2015-04-14T09:48:23+00:00","dateModified":"2020-01-14T10:52:29+00:00","breadcrumb":{"@id":"https:\/\/kraege.de\/pol\/produkty\/truskawki\/remontierende-sorten\/#breadcrumb"},"inLanguage":"pl-PL","potentialAction":[{"@type":"ReadAction","target":["https:\/\/kraege.de\/pol\/produkty\/truskawki\/remontierende-sorten\/"]}]},{"@type":"BreadcrumbList","@id":"https:\/\/kraege.de\/pol\/produkty\/truskawki\/remontierende-sorten\/#breadcrumb","itemListElement":[{"@type":"ListItem","position":1,"name":"Home","item":"https:\/\/kraege.de\/pol\/"},{"@type":"ListItem","position":2,"name":"Produkty","item":"https:\/\/kraege.de\/pol\/produkty\/"},{"@type":"ListItem","position":3,"name":"Truskawki","item":"https:\/\/kraege.de\/pol\/produkty\/truskawki\/"},{"@type":"ListItem","position":4,"name":"Odmiany stale owocuj\u0105ce"}]}]}},"_links":{"self":[{"href":"https:\/\/kraege.de\/pol\/wp-json\/wp\/v2\/pages\/61"}],"collection":[{"href":"https:\/\/kraege.de\/pol\/wp-json\/wp\/v2\/pages"}],"about":[{"href":"https:\/\/kraege.de\/pol\/wp-json\/wp\/v2\/types\/page"}],"author":[{"embeddable":true,"href":"https:\/\/kraege.de\/pol\/wp-json\/wp\/v2\/users\/1"}],"replies":[{"embeddable":true,"href":"https:\/\/kraege.de\/pol\/wp-json\/wp\/v2\/comments?post=61"}],"version-history":[{"count":4,"href":"https:\/\/kraege.de\/pol\/wp-json\/wp\/v2\/pages\/61\/revisions"}],"predecessor-version":[{"id":2089,"href":"https:\/\/kraege.de\/pol\/wp-json\/wp\/v2\/pages\/61\/revisions\/2089"}],"up":[{"embeddable":true,"href":"https:\/\/kraege.de\/pol\/wp-json\/wp\/v2\/pages\/547"}],"wp:attachment":[{"href":"https:\/\/kraege.de\/pol\/wp-json\/wp\/v2\/media?parent=61"}],"curies":[{"name":"wp","href":"https:\/\/api.w.org\/{rel}","templated":true}]}}