{"id":49,"date":"2015-04-14T11:46:30","date_gmt":"2015-04-14T09:46:30","guid":{"rendered":"http:\/\/kraege.de\/kraege-21\/?page_id=49"},"modified":"2025-11-24T16:45:17","modified_gmt":"2025-11-24T15:45:17","slug":"neuheiten","status":"publish","type":"page","link":"https:\/\/kraege.de\/pol\/produkty\/truskawki\/neuheiten\/","title":{"rendered":"Nowe odmiany"},"content":{"rendered":"<header class=\"article-header\">\n<h1 class=\"page-title\"><\/h1>\n<\/header>\n<section class=\"entry-content cf\"><a class=\"fancybox image\" href=\"https:\/\/kraege.de\/wp-content\/uploads\/2019\/11\/Kraege_Zuechtung.png\"><img loading=\"lazy\" class=\"alignleft wp-image-2696\" src=\"https:\/\/kraege.de\/wp-content\/uploads\/2019\/11\/Kraege_Zuechtung.png\" width=\"80\" height=\"51\" \/><\/a><strong>Kraege Z\u00fcchtung<\/strong> bringt mit der Sorte <strong>Aylin (5\/C9\/8\/3) <\/strong>eine sehr ertragreiche Sorte im Reifezeitbereich von Sonsation auf den Markt. Sie \u00fcberzeugt mit hellroten, gleichm\u00e4\u00dfig geformten ansprechenden Fr\u00fcchten und einem sch\u00f6nen Schalenbild. Der Geschmack ist gut, bei sehr hohen Ertr\u00e4gen.<br \/>\nDie Sorte <strong>Aylin<\/strong> (5\/C9\/8\/3) eignet sich sehr gut als Traypflanze f\u00fcr Stellagenkulturen. Dort gl\u00e4nzt sie mit extrem hohen Ertr\u00e4gen.<br \/>\nDas macht die Sorte besonders f\u00fcr die Handels\u00advermarktung interessant. <strong>Aylin<\/strong> ist eine robuste Sorte, die sich auch sehr gut f\u00fcr die Durch\u00adkultur eignet.<br \/>\nIn den bisherigen Sortenversuchen wurde<br \/>\n(5\/C9\/8\/3) oft unter dem Namen Claudia ge\u00adf\u00fchrt. Um eine Verwechselung mit \u00e4hnlich klingenden Sorten zu vermeiden, hat sich der Z\u00fcchter ent\u00adschlossen den Sortennamen in <strong>\u201eAylin\u201c<\/strong> zu \u00e4ndern.<\/p>\n<p><strong><a class=\"fancybox image\" href=\"https:\/\/kraege.de\/wp-content\/uploads\/2018\/01\/flevoberry.png\"><img loading=\"lazy\" class=\"wp-image-2216 size-full alignleft\" src=\"https:\/\/kraege.de\/wp-content\/uploads\/2018\/01\/flevoberry.png\" alt=\"\" width=\"80\" height=\"35\" \/><\/a>Fardao<\/strong> (14\/054\/03) ist eine neue mittelfr\u00fche Sorte aus der Z\u00fcchtung von Flevoberry. Die Reifezeit liegt im Bereich zwischen Falco und Sonsation. Die Ertr\u00e4ge von <strong>Fardao<\/strong> sind hoch mit einem hohen Anteil HdK1. Die Fruchtfestigkeit ist gut und die Sorte l\u00e4sst sich gut pfl\u00fccken. Die gro\u00dfen rot \u2013 dunkelroten Fr\u00fcchte sind gleichm\u00e4\u00dfig geformt, mit einem attraktiven Schalen\u00adbild.<br \/>\n<strong>Fardao<\/strong> \u00fcberzeugt mit einem sehr guten Geschmack.<br \/>\nIm Anbau ist <strong>Fardao<\/strong> ist eine robuste Sorte<br \/>\nmit einer hohen Mehltautoleranz. Sie eignet sich auch f\u00fcr den Anbau als Traypflanze auf Stellagen.<br \/>\nFardao wird besonders f\u00fcr die Direktver\u00admarktung, aber auch f\u00fcr die Handelsvermaktung empfohlen.<\/p>\n<p><strong><a class=\"fancybox image\" href=\"https:\/\/kraege.de\/wp-content\/uploads\/2018\/01\/flevoberry.png\"><img loading=\"lazy\" class=\"wp-image-2216 size-full alignleft\" src=\"https:\/\/kraege.de\/wp-content\/uploads\/2018\/01\/flevoberry.png\" alt=\"\" width=\"80\" height=\"35\" \/><\/a>Finette<\/strong> ist eine neue remontierende Sorte aus der Z\u00fcchtung von Flevoberry. Die Sorte zeichnet sich durch eine gute Fruchtqualit\u00e4t und einen sehr guten Geschmack aus. Die festen, gl\u00e4nzenden Fr\u00fcchte sind gleichm\u00e4\u00dfig geformt, mit einem attraktiven Schalenbild. Finette produziert gleichm\u00e4\u00dfig gro\u00dfe Fr\u00fcchte, die im Verlauf der Ernte nur wenig kleiner werden. Die Pfl\u00fcc\u00ad\u00adkleis\u00adtung ist gut.<br \/>\nIm Anbau ist <strong>Finette<\/strong> eine robuste Sorte mit einer hohen Mehltautoleranz. Sie eignet sich f\u00fcr den Anbau in verschiedenen Anbausystemen sowohl im gesch\u00fctzten Anbau, als auch im Freiland.<br \/>\n<strong>Finette<\/strong>wird f\u00fcr alle Vermarktungswege empfohlen.<\/p>\n<article id=\"post-2627\" class=\"cf fruit post-2627 page type-page status-publish hentry\">\n<section class=\"entry-content cf\"><\/section>\n<\/article>\n<p><a class=\"fancybox image\" href=\"https:\/\/kraege.de\/wp-content\/uploads\/2019\/11\/Kraege_Zuechtung.png\"><img loading=\"lazy\" class=\"alignleft wp-image-2696\" src=\"https:\/\/kraege.de\/wp-content\/uploads\/2019\/11\/Kraege_Zuechtung.png\" width=\"80\" height=\"51\" \/><\/a>Mit der Sorte <strong>Zappa<\/strong> (31\/A34\/2\/9) m\u00f6chten wir Ihnen eine neue Sorte aus dem Programm der Kraege Z\u00fcchtung vorstellen. Die Sorte liegt im interessanten Reifezeitbereich zwischen Sonsation und Malwina.<br \/>\n<strong>Zappa<\/strong> \u00fcberzeugt mit roten, konisch geformten Fr\u00fcchten. Die Fruchtgr\u00f6\u00dfe ist sehr gut, mit einem hohen Klasse 1 Anteil. Die sehr festen Fr\u00fcchte haben einen ansprechenden Glanz. Der Ertrag pro Pflanze ist sehr hoch.<br \/>\n<strong>Zappa<\/strong> hat einen guten Geschmack und wird f\u00fcr alle Vermark\u00adtungs\u00adwege empfohlen.<br \/>\nDie Sorte ist sehr w\u00fcchsig, der Pflanztermin f\u00fcr Gr\u00fcn\/TG sollte in den ersten zwei August\u00adwochen sein, Pflanzabstand 35 \u2013 40 cm.<br \/>\n<strong>Zappa<\/strong> ist eine sehr gesunde Sorte und wird f\u00fcr den einj\u00e4hrigen Anbau empfohlen.<\/p>\n<\/section>\n","protected":false},"excerpt":{"rendered":"<p>Kraege Z\u00fcchtung bringt mit der Sorte Aylin (5\/C9\/8\/3) eine sehr ertragreiche Sorte im Reifezeitbereich von Sonsation auf den Markt. Sie \u00fcberzeugt mit hellroten, gleichm\u00e4\u00dfig geformten ansprechenden Fr\u00fcchten und einem sch\u00f6nen Schalenbild. Der Geschmack ist gut, bei sehr hohen Ertr\u00e4gen. Die Sorte Aylin (5\/C9\/8\/3) eignet sich sehr gut als Traypflanze f\u00fcr Stellagenkulturen. Dort gl\u00e4nzt sie mit [&hellip;]<\/p>\n","protected":false},"author":1,"featured_media":0,"parent":547,"menu_order":1,"comment_status":"open","ping_status":"closed","template":"page_frucht.php","meta":[],"yoast_head":"<!-- This site is optimized with the Yoast SEO plugin v17.2.1 - https:\/\/yoast.com\/wordpress\/plugins\/seo\/ -->\n<meta name=\"robots\" content=\"index, follow, max-snippet:-1, max-image-preview:large, max-video-preview:-1\" \/>\n<link rel=\"canonical\" href=\"https:\/\/kraege.de\/pol\/produkty\/truskawki\/neuheiten\/\" \/>\n<meta property=\"og:locale\" content=\"pl_PL\" \/>\n<meta property=\"og:type\" content=\"article\" \/>\n<meta property=\"og:title\" content=\"Nowe odmiany - KRAEGE Beerenpflanzen POL\" \/>\n<meta property=\"og:description\" content=\"Kraege Z\u00fcchtung bringt mit der Sorte Aylin (5\/C9\/8\/3) eine sehr ertragreiche Sorte im Reifezeitbereich von Sonsation auf den Markt. Sie \u00fcberzeugt mit hellroten, gleichm\u00e4\u00dfig geformten ansprechenden Fr\u00fcchten und einem sch\u00f6nen Schalenbild. Der Geschmack ist gut, bei sehr hohen Ertr\u00e4gen. Die Sorte Aylin (5\/C9\/8\/3) eignet sich sehr gut als Traypflanze f\u00fcr Stellagenkulturen. Dort gl\u00e4nzt sie mit [&hellip;]\" \/>\n<meta property=\"og:url\" content=\"https:\/\/kraege.de\/pol\/produkty\/truskawki\/neuheiten\/\" \/>\n<meta property=\"og:site_name\" content=\"KRAEGE Beerenpflanzen POL\" \/>\n<meta property=\"article:modified_time\" content=\"2025-11-24T15:45:17+00:00\" \/>\n<meta property=\"og:image\" content=\"https:\/\/kraege.de\/wp-content\/uploads\/2019\/11\/Kraege_Zuechtung.png\" \/>\n<meta name=\"twitter:card\" content=\"summary\" \/>\n<meta name=\"twitter:label1\" content=\"Szacowany czas czytania\" \/>\n\t<meta name=\"twitter:data1\" content=\"3 minuty\" \/>\n<script type=\"application\/ld+json\" class=\"yoast-schema-graph\">{\"@context\":\"https:\/\/schema.org\",\"@graph\":[{\"@type\":\"WebSite\",\"@id\":\"https:\/\/kraege.de\/pol\/#website\",\"url\":\"https:\/\/kraege.de\/pol\/\",\"name\":\"KRAEGE Beerenpflanzen POL\",\"description\":\"Erdbeeren und Himbeeren aus der Region | Telgte | M\\u00fcnster | Warendorf\",\"potentialAction\":[{\"@type\":\"SearchAction\",\"target\":{\"@type\":\"EntryPoint\",\"urlTemplate\":\"https:\/\/kraege.de\/pol\/?s={search_term_string}\"},\"query-input\":\"required name=search_term_string\"}],\"inLanguage\":\"pl-PL\"},{\"@type\":\"ImageObject\",\"@id\":\"https:\/\/kraege.de\/pol\/produkty\/truskawki\/neuheiten\/#primaryimage\",\"inLanguage\":\"pl-PL\",\"url\":\"https:\/\/kraege.de\/wp-content\/uploads\/2019\/11\/Kraege_Zuechtung.png\",\"contentUrl\":\"https:\/\/kraege.de\/wp-content\/uploads\/2019\/11\/Kraege_Zuechtung.png\"},{\"@type\":\"WebPage\",\"@id\":\"https:\/\/kraege.de\/pol\/produkty\/truskawki\/neuheiten\/#webpage\",\"url\":\"https:\/\/kraege.de\/pol\/produkty\/truskawki\/neuheiten\/\",\"name\":\"Nowe odmiany - KRAEGE Beerenpflanzen POL\",\"isPartOf\":{\"@id\":\"https:\/\/kraege.de\/pol\/#website\"},\"primaryImageOfPage\":{\"@id\":\"https:\/\/kraege.de\/pol\/produkty\/truskawki\/neuheiten\/#primaryimage\"},\"datePublished\":\"2015-04-14T09:46:30+00:00\",\"dateModified\":\"2025-11-24T15:45:17+00:00\",\"breadcrumb\":{\"@id\":\"https:\/\/kraege.de\/pol\/produkty\/truskawki\/neuheiten\/#breadcrumb\"},\"inLanguage\":\"pl-PL\",\"potentialAction\":[{\"@type\":\"ReadAction\",\"target\":[\"https:\/\/kraege.de\/pol\/produkty\/truskawki\/neuheiten\/\"]}]},{\"@type\":\"BreadcrumbList\",\"@id\":\"https:\/\/kraege.de\/pol\/produkty\/truskawki\/neuheiten\/#breadcrumb\",\"itemListElement\":[{\"@type\":\"ListItem\",\"position\":1,\"name\":\"Home\",\"item\":\"https:\/\/kraege.de\/pol\/\"},{\"@type\":\"ListItem\",\"position\":2,\"name\":\"Produkty\",\"item\":\"https:\/\/kraege.de\/pol\/produkty\/\"},{\"@type\":\"ListItem\",\"position\":3,\"name\":\"Truskawki\",\"item\":\"https:\/\/kraege.de\/pol\/produkty\/truskawki\/\"},{\"@type\":\"ListItem\",\"position\":4,\"name\":\"Nowe odmiany\"}]}]}<\/script>\n<!-- \/ Yoast SEO plugin. -->","yoast_head_json":{"robots":{"index":"index","follow":"follow","max-snippet":"max-snippet:-1","max-image-preview":"max-image-preview:large","max-video-preview":"max-video-preview:-1"},"canonical":"https:\/\/kraege.de\/pol\/produkty\/truskawki\/neuheiten\/","og_locale":"pl_PL","og_type":"article","og_title":"Nowe odmiany - KRAEGE Beerenpflanzen POL","og_description":"Kraege Z\u00fcchtung bringt mit der Sorte Aylin (5\/C9\/8\/3) eine sehr ertragreiche Sorte im Reifezeitbereich von Sonsation auf den Markt. Sie \u00fcberzeugt mit hellroten, gleichm\u00e4\u00dfig geformten ansprechenden Fr\u00fcchten und einem sch\u00f6nen Schalenbild. Der Geschmack ist gut, bei sehr hohen Ertr\u00e4gen. Die Sorte Aylin (5\/C9\/8\/3) eignet sich sehr gut als Traypflanze f\u00fcr Stellagenkulturen. Dort gl\u00e4nzt sie mit [&hellip;]","og_url":"https:\/\/kraege.de\/pol\/produkty\/truskawki\/neuheiten\/","og_site_name":"KRAEGE Beerenpflanzen POL","article_modified_time":"2025-11-24T15:45:17+00:00","og_image":[{"url":"https:\/\/kraege.de\/wp-content\/uploads\/2019\/11\/Kraege_Zuechtung.png"}],"twitter_card":"summary","twitter_misc":{"Szacowany czas czytania":"3 minuty"},"schema":{"@context":"https:\/\/schema.org","@graph":[{"@type":"WebSite","@id":"https:\/\/kraege.de\/pol\/#website","url":"https:\/\/kraege.de\/pol\/","name":"KRAEGE Beerenpflanzen POL","description":"Erdbeeren und Himbeeren aus der Region | Telgte | M\u00fcnster | Warendorf","potentialAction":[{"@type":"SearchAction","target":{"@type":"EntryPoint","urlTemplate":"https:\/\/kraege.de\/pol\/?s={search_term_string}"},"query-input":"required name=search_term_string"}],"inLanguage":"pl-PL"},{"@type":"ImageObject","@id":"https:\/\/kraege.de\/pol\/produkty\/truskawki\/neuheiten\/#primaryimage","inLanguage":"pl-PL","url":"https:\/\/kraege.de\/wp-content\/uploads\/2019\/11\/Kraege_Zuechtung.png","contentUrl":"https:\/\/kraege.de\/wp-content\/uploads\/2019\/11\/Kraege_Zuechtung.png"},{"@type":"WebPage","@id":"https:\/\/kraege.de\/pol\/produkty\/truskawki\/neuheiten\/#webpage","url":"https:\/\/kraege.de\/pol\/produkty\/truskawki\/neuheiten\/","name":"Nowe odmiany - KRAEGE Beerenpflanzen POL","isPartOf":{"@id":"https:\/\/kraege.de\/pol\/#website"},"primaryImageOfPage":{"@id":"https:\/\/kraege.de\/pol\/produkty\/truskawki\/neuheiten\/#primaryimage"},"datePublished":"2015-04-14T09:46:30+00:00","dateModified":"2025-11-24T15:45:17+00:00","breadcrumb":{"@id":"https:\/\/kraege.de\/pol\/produkty\/truskawki\/neuheiten\/#breadcrumb"},"inLanguage":"pl-PL","potentialAction":[{"@type":"ReadAction","target":["https:\/\/kraege.de\/pol\/produkty\/truskawki\/neuheiten\/"]}]},{"@type":"BreadcrumbList","@id":"https:\/\/kraege.de\/pol\/produkty\/truskawki\/neuheiten\/#breadcrumb","itemListElement":[{"@type":"ListItem","position":1,"name":"Home","item":"https:\/\/kraege.de\/pol\/"},{"@type":"ListItem","position":2,"name":"Produkty","item":"https:\/\/kraege.de\/pol\/produkty\/"},{"@type":"ListItem","position":3,"name":"Truskawki","item":"https:\/\/kraege.de\/pol\/produkty\/truskawki\/"},{"@type":"ListItem","position":4,"name":"Nowe odmiany"}]}]}},"_links":{"self":[{"href":"https:\/\/kraege.de\/pol\/wp-json\/wp\/v2\/pages\/49"}],"collection":[{"href":"https:\/\/kraege.de\/pol\/wp-json\/wp\/v2\/pages"}],"about":[{"href":"https:\/\/kraege.de\/pol\/wp-json\/wp\/v2\/types\/page"}],"author":[{"embeddable":true,"href":"https:\/\/kraege.de\/pol\/wp-json\/wp\/v2\/users\/1"}],"replies":[{"embeddable":true,"href":"https:\/\/kraege.de\/pol\/wp-json\/wp\/v2\/comments?post=49"}],"version-history":[{"count":31,"href":"https:\/\/kraege.de\/pol\/wp-json\/wp\/v2\/pages\/49\/revisions"}],"predecessor-version":[{"id":2463,"href":"https:\/\/kraege.de\/pol\/wp-json\/wp\/v2\/pages\/49\/revisions\/2463"}],"up":[{"embeddable":true,"href":"https:\/\/kraege.de\/pol\/wp-json\/wp\/v2\/pages\/547"}],"wp:attachment":[{"href":"https:\/\/kraege.de\/pol\/wp-json\/wp\/v2\/media?parent=49"}],"curies":[{"name":"wp","href":"https:\/\/api.w.org\/{rel}","templated":true}]}}