{"id":1510,"date":"2016-01-12T15:25:53","date_gmt":"2016-01-12T14:25:53","guid":{"rendered":"http:\/\/kraege.de\/pol\/?page_id=1510"},"modified":"2020-01-14T10:54:22","modified_gmt":"2020-01-14T09:54:22","slug":"mother-plants","status":"publish","type":"page","link":"https:\/\/kraege.de\/pol\/mother-plants\/","title":{"rendered":"Produkcja w\u0142asnych ro\u015blin matecznych"},"content":{"rendered":"<p>Zdrowe ro\u015bliny s\u0105 podstaw\u0105 udanej uprawy owoc\u00f3w. Produkuj\u0105c w\u0142asny materia\u0142 wyj\u015bciowy, pod\u0119jmujemy decyduj\u0105cy krok aby rozmna\u017ca\u0107 zdrowe ro\u015bliny.Jak wiemy z do\u015bwiadczenia, nowe choroby pojawiaj\u0105 si\u0119 na pocz\u0105tku regionalnie przed rozpowszechnieniem na wi\u0119kszych obszarach. Z powod\u00f3w wymienionych powy\u017cej pracujemy w systemie zamkni\u0119tym. Firma Kraege stworzy\u0142a w odosobnionym, niezale\u017cnym miejscu w\u0142asn\u0105 produkcj\u0119 ro\u015blin matecznych.<br \/>\nMinimalizujemy ryzyko zaka\u017cenia poprzez utrzymywanie naszego materia\u0142u wyj\u015bciowego \u015bci\u015ble z dala od ro\u015blin innego pochodzenia.<\/p>\n<p>Produkcja naszych ro\u015blin elite zaczyna si\u0119 od rozmna\u017cania w terapii cieplnej. Ro\u015bliny kt\u00f3re rosn\u0105 w szafce ocieplaj\u0105cej, pobierane s\u0105 tkanki merystemu do rozmna\u017cania in vitro. Po\u0142\u0105czenie terapi cieplnej i in vitro kultura to proces, kt\u00f3ry pozwala na bezpieczn\u0105 produkcj\u0119 niezainfekowanych ro\u015blin matecznych.<br \/>\nNast\u0119pnymi etapami rozmna\u017cania jest wy\u0142\u0105cznie spos\u00f3b wegetatywny rozmna\u017canie przez roz\u0142ogi. To wszystko odbywa si\u0119 na poczatku w szklarniach Saran. Tkanina z gazem zapobiega przedostawaniu si\u0119 owad\u00f3w do saran house i infekowaniu ro\u015blin wirusami. Ro\u015bliny matki i m\u0142ode sadzonki uprawiane w szklarniach i w pojemnikach w bezpiecznej odleglo\u015bci od pod\u0142o\u017ca, tak aby wykluczy\u0107 zaka\u017cenia przez grzyby glebowe. Dla dodatkowego bezpiecze\u0144stwa ro\u015bliny superelity produkowane w saran house s\u0105 przeprowadzane corocznie badaniami pod k\u0105tem chor\u00f3b. Nast\u0119pnie sadzonki super elite (SEE) rozmna\u017cane s\u0105 na specjanym polu, daleko od innych plantacji truskawek. Otrzymane ro\u015bliny s\u0142u\u017c\u0105 do pro\u00addukcji sadzonek przeznaczonych na sprzeda\u017c i s\u0105 nadzorowane przez Izb\u0119 Rolnicz\u0105. Od 2019 roku tak\u017ce w Niemczech musz\u0105 byc produkowane sadzonki, kt\u00f3re obj\u0119te s\u0105 przepisami przez Unie Europejska. Od tego roku wszystkie produkowane sadzonki posiadaj\u0105 certifikat EPPO PM$\/11 (2) wydany przez Uni\u0119 Europejska. Firma Kraege posiada tak\u017ce Certifikat QS dla zapewnienia wysokiej jako\u015bci \u015bwie\u017cej \u017cywno\u015bci.<\/p>\n","protected":false},"excerpt":{"rendered":"<p>Zdrowe ro\u015bliny s\u0105 podstaw\u0105 udanej uprawy owoc\u00f3w. Produkuj\u0105c w\u0142asny materia\u0142 wyj\u015bciowy, pod\u0119jmujemy decyduj\u0105cy krok aby rozmna\u017ca\u0107 zdrowe ro\u015bliny.Jak wiemy z do\u015bwiadczenia, nowe choroby pojawiaj\u0105 si\u0119 na pocz\u0105tku regionalnie przed rozpowszechnieniem na wi\u0119kszych obszarach. Z powod\u00f3w wymienionych powy\u017cej pracujemy w systemie zamkni\u0119tym. Firma Kraege stworzy\u0142a w odosobnionym, niezale\u017cnym miejscu w\u0142asn\u0105 produkcj\u0119 ro\u015blin matecznych. Minimalizujemy ryzyko zaka\u017cenia [&hellip;]<\/p>\n","protected":false},"author":1,"featured_media":0,"parent":0,"menu_order":4,"comment_status":"closed","ping_status":"closed","template":"","meta":[],"yoast_head":"<!-- This site is optimized with the Yoast SEO plugin v17.2.1 - https:\/\/yoast.com\/wordpress\/plugins\/seo\/ -->\n<meta name=\"robots\" content=\"index, follow, max-snippet:-1, max-image-preview:large, max-video-preview:-1\" \/>\n<link rel=\"canonical\" href=\"https:\/\/kraege.de\/pol\/mother-plants\/\" \/>\n<meta property=\"og:locale\" content=\"pl_PL\" \/>\n<meta property=\"og:type\" content=\"article\" \/>\n<meta property=\"og:title\" content=\"Produkcja w\u0142asnych ro\u015blin matecznych - KRAEGE Beerenpflanzen POL\" \/>\n<meta property=\"og:description\" content=\"Zdrowe ro\u015bliny s\u0105 podstaw\u0105 udanej uprawy owoc\u00f3w. Produkuj\u0105c w\u0142asny materia\u0142 wyj\u015bciowy, pod\u0119jmujemy decyduj\u0105cy krok aby rozmna\u017ca\u0107 zdrowe ro\u015bliny.Jak wiemy z do\u015bwiadczenia, nowe choroby pojawiaj\u0105 si\u0119 na pocz\u0105tku regionalnie przed rozpowszechnieniem na wi\u0119kszych obszarach. Z powod\u00f3w wymienionych powy\u017cej pracujemy w systemie zamkni\u0119tym. Firma Kraege stworzy\u0142a w odosobnionym, niezale\u017cnym miejscu w\u0142asn\u0105 produkcj\u0119 ro\u015blin matecznych. Minimalizujemy ryzyko zaka\u017cenia [&hellip;]\" \/>\n<meta property=\"og:url\" content=\"https:\/\/kraege.de\/pol\/mother-plants\/\" \/>\n<meta property=\"og:site_name\" content=\"KRAEGE Beerenpflanzen POL\" \/>\n<meta property=\"article:modified_time\" content=\"2020-01-14T09:54:22+00:00\" \/>\n<meta name=\"twitter:card\" content=\"summary\" \/>\n<meta name=\"twitter:label1\" content=\"Szacowany czas czytania\" \/>\n\t<meta name=\"twitter:data1\" content=\"2 minuty\" \/>\n<script type=\"application\/ld+json\" class=\"yoast-schema-graph\">{\"@context\":\"https:\/\/schema.org\",\"@graph\":[{\"@type\":\"WebSite\",\"@id\":\"https:\/\/kraege.de\/pol\/#website\",\"url\":\"https:\/\/kraege.de\/pol\/\",\"name\":\"KRAEGE Beerenpflanzen POL\",\"description\":\"Erdbeeren und Himbeeren aus der Region | Telgte | M\\u00fcnster | Warendorf\",\"potentialAction\":[{\"@type\":\"SearchAction\",\"target\":{\"@type\":\"EntryPoint\",\"urlTemplate\":\"https:\/\/kraege.de\/pol\/?s={search_term_string}\"},\"query-input\":\"required name=search_term_string\"}],\"inLanguage\":\"pl-PL\"},{\"@type\":\"WebPage\",\"@id\":\"https:\/\/kraege.de\/pol\/mother-plants\/#webpage\",\"url\":\"https:\/\/kraege.de\/pol\/mother-plants\/\",\"name\":\"Produkcja w\\u0142asnych ro\\u015blin matecznych - KRAEGE Beerenpflanzen POL\",\"isPartOf\":{\"@id\":\"https:\/\/kraege.de\/pol\/#website\"},\"datePublished\":\"2016-01-12T14:25:53+00:00\",\"dateModified\":\"2020-01-14T09:54:22+00:00\",\"breadcrumb\":{\"@id\":\"https:\/\/kraege.de\/pol\/mother-plants\/#breadcrumb\"},\"inLanguage\":\"pl-PL\",\"potentialAction\":[{\"@type\":\"ReadAction\",\"target\":[\"https:\/\/kraege.de\/pol\/mother-plants\/\"]}]},{\"@type\":\"BreadcrumbList\",\"@id\":\"https:\/\/kraege.de\/pol\/mother-plants\/#breadcrumb\",\"itemListElement\":[{\"@type\":\"ListItem\",\"position\":1,\"name\":\"Home\",\"item\":\"https:\/\/kraege.de\/pol\/\"},{\"@type\":\"ListItem\",\"position\":2,\"name\":\"Produkcja w\\u0142asnych ro\\u015blin matecznych\"}]}]}<\/script>\n<!-- \/ Yoast SEO plugin. -->","yoast_head_json":{"robots":{"index":"index","follow":"follow","max-snippet":"max-snippet:-1","max-image-preview":"max-image-preview:large","max-video-preview":"max-video-preview:-1"},"canonical":"https:\/\/kraege.de\/pol\/mother-plants\/","og_locale":"pl_PL","og_type":"article","og_title":"Produkcja w\u0142asnych ro\u015blin matecznych - KRAEGE Beerenpflanzen POL","og_description":"Zdrowe ro\u015bliny s\u0105 podstaw\u0105 udanej uprawy owoc\u00f3w. Produkuj\u0105c w\u0142asny materia\u0142 wyj\u015bciowy, pod\u0119jmujemy decyduj\u0105cy krok aby rozmna\u017ca\u0107 zdrowe ro\u015bliny.Jak wiemy z do\u015bwiadczenia, nowe choroby pojawiaj\u0105 si\u0119 na pocz\u0105tku regionalnie przed rozpowszechnieniem na wi\u0119kszych obszarach. Z powod\u00f3w wymienionych powy\u017cej pracujemy w systemie zamkni\u0119tym. Firma Kraege stworzy\u0142a w odosobnionym, niezale\u017cnym miejscu w\u0142asn\u0105 produkcj\u0119 ro\u015blin matecznych. Minimalizujemy ryzyko zaka\u017cenia [&hellip;]","og_url":"https:\/\/kraege.de\/pol\/mother-plants\/","og_site_name":"KRAEGE Beerenpflanzen POL","article_modified_time":"2020-01-14T09:54:22+00:00","twitter_card":"summary","twitter_misc":{"Szacowany czas czytania":"2 minuty"},"schema":{"@context":"https:\/\/schema.org","@graph":[{"@type":"WebSite","@id":"https:\/\/kraege.de\/pol\/#website","url":"https:\/\/kraege.de\/pol\/","name":"KRAEGE Beerenpflanzen POL","description":"Erdbeeren und Himbeeren aus der Region | Telgte | M\u00fcnster | Warendorf","potentialAction":[{"@type":"SearchAction","target":{"@type":"EntryPoint","urlTemplate":"https:\/\/kraege.de\/pol\/?s={search_term_string}"},"query-input":"required name=search_term_string"}],"inLanguage":"pl-PL"},{"@type":"WebPage","@id":"https:\/\/kraege.de\/pol\/mother-plants\/#webpage","url":"https:\/\/kraege.de\/pol\/mother-plants\/","name":"Produkcja w\u0142asnych ro\u015blin matecznych - KRAEGE Beerenpflanzen POL","isPartOf":{"@id":"https:\/\/kraege.de\/pol\/#website"},"datePublished":"2016-01-12T14:25:53+00:00","dateModified":"2020-01-14T09:54:22+00:00","breadcrumb":{"@id":"https:\/\/kraege.de\/pol\/mother-plants\/#breadcrumb"},"inLanguage":"pl-PL","potentialAction":[{"@type":"ReadAction","target":["https:\/\/kraege.de\/pol\/mother-plants\/"]}]},{"@type":"BreadcrumbList","@id":"https:\/\/kraege.de\/pol\/mother-plants\/#breadcrumb","itemListElement":[{"@type":"ListItem","position":1,"name":"Home","item":"https:\/\/kraege.de\/pol\/"},{"@type":"ListItem","position":2,"name":"Produkcja w\u0142asnych ro\u015blin matecznych"}]}]}},"_links":{"self":[{"href":"https:\/\/kraege.de\/pol\/wp-json\/wp\/v2\/pages\/1510"}],"collection":[{"href":"https:\/\/kraege.de\/pol\/wp-json\/wp\/v2\/pages"}],"about":[{"href":"https:\/\/kraege.de\/pol\/wp-json\/wp\/v2\/types\/page"}],"author":[{"embeddable":true,"href":"https:\/\/kraege.de\/pol\/wp-json\/wp\/v2\/users\/1"}],"replies":[{"embeddable":true,"href":"https:\/\/kraege.de\/pol\/wp-json\/wp\/v2\/comments?post=1510"}],"version-history":[{"count":3,"href":"https:\/\/kraege.de\/pol\/wp-json\/wp\/v2\/pages\/1510\/revisions"}],"predecessor-version":[{"id":2083,"href":"https:\/\/kraege.de\/pol\/wp-json\/wp\/v2\/pages\/1510\/revisions\/2083"}],"wp:attachment":[{"href":"https:\/\/kraege.de\/pol\/wp-json\/wp\/v2\/media?parent=1510"}],"curies":[{"name":"wp","href":"https:\/\/api.w.org\/{rel}","templated":true}]}}