{"id":1815,"date":"2016-11-29T14:48:56","date_gmt":"2016-11-29T13:48:56","guid":{"rendered":"http:\/\/kraege.de\/kraege-2\/?page_id=1815"},"modified":"2023-03-15T16:20:49","modified_gmt":"2023-03-15T15:20:49","slug":"sunsation","status":"publish","type":"page","link":"https:\/\/kraege.de\/ltu\/services\/strawberries\/hauptreifezeit\/sunsation\/","title":{"rendered":"Sonsation"},"content":{"rendered":"<div class=\"tabelle-fruechte\">\n<table>\n<tbody>\n<tr>\n<td>Spalva<\/td>\n<td>Vidutini\u0161kai raudona, patraukliai blizgi<\/td>\n<\/tr>\n<tr>\n<td>Pastaba<\/td>\n<td>\u012fdomi naujov\u0117, ypa\u010d tiesioginei prekybai, gali augti \u0161alia kit\u0173 augal\u0173. Sonsation, Flevo Berry sukurta nauja vidutinio ankstyvumo veisl\u0117<\/td>\n<\/tr>\n<\/tbody>\n<\/table>\n<\/div>\n<div class=\"reifezeit\"><\/div>\n<div class=\"herkunft\">\u2013 saugoma veisl\u0117, veisl\u0117s savininkas: Flevo Berry, Nyderlandai<\/div>\n<p>Vaisiai yra lygios formos ir labai lengvai pris\u00adkinami. Derlius yra didesnis nei \u201eElsanta\u201c ir \u201eSonata\u201c. \u201eSonsation\u201c uog\u0173 spalva yra vidutini\u0161kai raudona, patraukliai blizganti. Veisl\u0117 pasi\u017eymi uog\u0173 tvirtumu. Vaisi\u0173 oda yra \u0161iek tiek jautri. \u201eSonsation\u201c yra rekomenduojama d\u0117l labai gero skonio, ypa\u010d tinkama tiesioginei prekybai.<br \/>\nTai ypa\u010d svarbu pagrindiniu nokinimo sezonui.<br \/>\nSonsation \u017eydi lap\u0173 auk\u0161tyje, tod\u0117l skinti uogas yra patogu, tuo pat metu to pakanka apsaugoti \u017eiedus nuo \u0161al\u010dio. Didel\u0117 uog\u0173 dalis yra 1 klas\u0117s. Veisl\u0117 stipri ir labiau atspari ligoms.<br \/>\n\u201eSonsation\u201c turi poreik\u012f dideliam mikroelement\u0173 kiekiui, \u012f tai reikia atsi\u017evelgti tr\u0119\u0161iant. Vis\u0173 pirma, \u201eSonsation\u201c yra \u012fdomi naujov\u0117, skirta tiesioginei prekybai. Uog\u0173 tvirtum\u0105 prekyboje reikia i\u0161bandyti.<\/p>\n","protected":false},"excerpt":{"rendered":"<p>Spalva Vidutini\u0161kai raudona, patraukliai blizgi Pastaba \u012fdomi naujov\u0117, ypa\u010d tiesioginei prekybai, gali augti \u0161alia kit\u0173 augal\u0173. Sonsation, Flevo Berry sukurta nauja vidutinio ankstyvumo veisl\u0117 \u2013 saugoma veisl\u0117, veisl\u0117s savininkas: Flevo Berry, Nyderlandai Vaisiai yra lygios formos ir labai lengvai pris\u00adkinami. Derlius yra didesnis nei \u201eElsanta\u201c ir \u201eSonata\u201c. \u201eSonsation\u201c uog\u0173 spalva yra vidutini\u0161kai raudona, patraukliai blizganti. [&hellip;]<\/p>\n","protected":false},"author":1,"featured_media":0,"parent":55,"menu_order":8,"comment_status":"closed","ping_status":"closed","template":"page_frucht.php","meta":[],"yoast_head":"<!-- This site is optimized with the Yoast SEO plugin v17.2.1 - https:\/\/yoast.com\/wordpress\/plugins\/seo\/ -->\n<meta name=\"robots\" content=\"index, follow, max-snippet:-1, max-image-preview:large, max-video-preview:-1\" \/>\n<link rel=\"canonical\" href=\"https:\/\/kraege.de\/ltu\/services\/strawberries\/hauptreifezeit\/sunsation\/\" \/>\n<meta property=\"og:locale\" content=\"lt_LT\" \/>\n<meta property=\"og:type\" content=\"article\" \/>\n<meta property=\"og:title\" content=\"Sonsation - KRAEGE Beerenpflanzen ltu\" \/>\n<meta property=\"og:description\" content=\"Spalva Vidutini\u0161kai raudona, patraukliai blizgi Pastaba \u012fdomi naujov\u0117, ypa\u010d tiesioginei prekybai, gali augti \u0161alia kit\u0173 augal\u0173. Sonsation, Flevo Berry sukurta nauja vidutinio ankstyvumo veisl\u0117 \u2013 saugoma veisl\u0117, veisl\u0117s savininkas: Flevo Berry, Nyderlandai Vaisiai yra lygios formos ir labai lengvai pris\u00adkinami. Derlius yra didesnis nei \u201eElsanta\u201c ir \u201eSonata\u201c. \u201eSonsation\u201c uog\u0173 spalva yra vidutini\u0161kai raudona, patraukliai blizganti. [&hellip;]\" \/>\n<meta property=\"og:url\" content=\"https:\/\/kraege.de\/ltu\/services\/strawberries\/hauptreifezeit\/sunsation\/\" \/>\n<meta property=\"og:site_name\" content=\"KRAEGE Beerenpflanzen ltu\" \/>\n<meta property=\"article:modified_time\" content=\"2023-03-15T15:20:49+00:00\" \/>\n<meta name=\"twitter:card\" content=\"summary\" \/>\n<meta name=\"twitter:label1\" content=\"Est. reading time\" \/>\n\t<meta name=\"twitter:data1\" content=\"1 minut\u0117\" \/>\n<script type=\"application\/ld+json\" class=\"yoast-schema-graph\">{\"@context\":\"https:\/\/schema.org\",\"@graph\":[{\"@type\":\"WebSite\",\"@id\":\"https:\/\/kraege.de\/ltu\/#website\",\"url\":\"https:\/\/kraege.de\/ltu\/\",\"name\":\"KRAEGE Beerenpflanzen ltu\",\"description\":\"Erdbeeren und Himbeeren aus der Region | Telgte | M\\u00fcnster | Warendorf\",\"potentialAction\":[{\"@type\":\"SearchAction\",\"target\":{\"@type\":\"EntryPoint\",\"urlTemplate\":\"https:\/\/kraege.de\/ltu\/?s={search_term_string}\"},\"query-input\":\"required name=search_term_string\"}],\"inLanguage\":\"lt-LT\"},{\"@type\":\"WebPage\",\"@id\":\"https:\/\/kraege.de\/ltu\/services\/strawberries\/hauptreifezeit\/sunsation\/#webpage\",\"url\":\"https:\/\/kraege.de\/ltu\/services\/strawberries\/hauptreifezeit\/sunsation\/\",\"name\":\"Sonsation - KRAEGE Beerenpflanzen ltu\",\"isPartOf\":{\"@id\":\"https:\/\/kraege.de\/ltu\/#website\"},\"datePublished\":\"2016-11-29T13:48:56+00:00\",\"dateModified\":\"2023-03-15T15:20:49+00:00\",\"breadcrumb\":{\"@id\":\"https:\/\/kraege.de\/ltu\/services\/strawberries\/hauptreifezeit\/sunsation\/#breadcrumb\"},\"inLanguage\":\"lt-LT\",\"potentialAction\":[{\"@type\":\"ReadAction\",\"target\":[\"https:\/\/kraege.de\/ltu\/services\/strawberries\/hauptreifezeit\/sunsation\/\"]}]},{\"@type\":\"BreadcrumbList\",\"@id\":\"https:\/\/kraege.de\/ltu\/services\/strawberries\/hauptreifezeit\/sunsation\/#breadcrumb\",\"itemListElement\":[{\"@type\":\"ListItem\",\"position\":1,\"name\":\"Home\",\"item\":\"https:\/\/kraege.de\/ltu\/\"},{\"@type\":\"ListItem\",\"position\":2,\"name\":\"Services\",\"item\":\"https:\/\/kraege.de\/ltu\/services\/\"},{\"@type\":\"ListItem\",\"position\":3,\"name\":\"Strawberries\",\"item\":\"https:\/\/kraege.de\/ltu\/services\/strawberries\/\"},{\"@type\":\"ListItem\",\"position\":4,\"name\":\"Vidutinio nokimoveisl\\u0117s\",\"item\":\"https:\/\/kraege.de\/ltu\/services\/strawberries\/hauptreifezeit\/\"},{\"@type\":\"ListItem\",\"position\":5,\"name\":\"Sonsation\"}]}]}<\/script>\n<!-- \/ Yoast SEO plugin. -->","yoast_head_json":{"robots":{"index":"index","follow":"follow","max-snippet":"max-snippet:-1","max-image-preview":"max-image-preview:large","max-video-preview":"max-video-preview:-1"},"canonical":"https:\/\/kraege.de\/ltu\/services\/strawberries\/hauptreifezeit\/sunsation\/","og_locale":"lt_LT","og_type":"article","og_title":"Sonsation - KRAEGE Beerenpflanzen ltu","og_description":"Spalva Vidutini\u0161kai raudona, patraukliai blizgi Pastaba \u012fdomi naujov\u0117, ypa\u010d tiesioginei prekybai, gali augti \u0161alia kit\u0173 augal\u0173. Sonsation, Flevo Berry sukurta nauja vidutinio ankstyvumo veisl\u0117 \u2013 saugoma veisl\u0117, veisl\u0117s savininkas: Flevo Berry, Nyderlandai Vaisiai yra lygios formos ir labai lengvai pris\u00adkinami. Derlius yra didesnis nei \u201eElsanta\u201c ir \u201eSonata\u201c. \u201eSonsation\u201c uog\u0173 spalva yra vidutini\u0161kai raudona, patraukliai blizganti. [&hellip;]","og_url":"https:\/\/kraege.de\/ltu\/services\/strawberries\/hauptreifezeit\/sunsation\/","og_site_name":"KRAEGE Beerenpflanzen ltu","article_modified_time":"2023-03-15T15:20:49+00:00","twitter_card":"summary","twitter_misc":{"Est. reading time":"1 minut\u0117"},"schema":{"@context":"https:\/\/schema.org","@graph":[{"@type":"WebSite","@id":"https:\/\/kraege.de\/ltu\/#website","url":"https:\/\/kraege.de\/ltu\/","name":"KRAEGE Beerenpflanzen ltu","description":"Erdbeeren und Himbeeren aus der Region | Telgte | M\u00fcnster | Warendorf","potentialAction":[{"@type":"SearchAction","target":{"@type":"EntryPoint","urlTemplate":"https:\/\/kraege.de\/ltu\/?s={search_term_string}"},"query-input":"required name=search_term_string"}],"inLanguage":"lt-LT"},{"@type":"WebPage","@id":"https:\/\/kraege.de\/ltu\/services\/strawberries\/hauptreifezeit\/sunsation\/#webpage","url":"https:\/\/kraege.de\/ltu\/services\/strawberries\/hauptreifezeit\/sunsation\/","name":"Sonsation - KRAEGE Beerenpflanzen ltu","isPartOf":{"@id":"https:\/\/kraege.de\/ltu\/#website"},"datePublished":"2016-11-29T13:48:56+00:00","dateModified":"2023-03-15T15:20:49+00:00","breadcrumb":{"@id":"https:\/\/kraege.de\/ltu\/services\/strawberries\/hauptreifezeit\/sunsation\/#breadcrumb"},"inLanguage":"lt-LT","potentialAction":[{"@type":"ReadAction","target":["https:\/\/kraege.de\/ltu\/services\/strawberries\/hauptreifezeit\/sunsation\/"]}]},{"@type":"BreadcrumbList","@id":"https:\/\/kraege.de\/ltu\/services\/strawberries\/hauptreifezeit\/sunsation\/#breadcrumb","itemListElement":[{"@type":"ListItem","position":1,"name":"Home","item":"https:\/\/kraege.de\/ltu\/"},{"@type":"ListItem","position":2,"name":"Services","item":"https:\/\/kraege.de\/ltu\/services\/"},{"@type":"ListItem","position":3,"name":"Strawberries","item":"https:\/\/kraege.de\/ltu\/services\/strawberries\/"},{"@type":"ListItem","position":4,"name":"Vidutinio nokimoveisl\u0117s","item":"https:\/\/kraege.de\/ltu\/services\/strawberries\/hauptreifezeit\/"},{"@type":"ListItem","position":5,"name":"Sonsation"}]}]}},"_links":{"self":[{"href":"https:\/\/kraege.de\/ltu\/wp-json\/wp\/v2\/pages\/1815"}],"collection":[{"href":"https:\/\/kraege.de\/ltu\/wp-json\/wp\/v2\/pages"}],"about":[{"href":"https:\/\/kraege.de\/ltu\/wp-json\/wp\/v2\/types\/page"}],"author":[{"embeddable":true,"href":"https:\/\/kraege.de\/ltu\/wp-json\/wp\/v2\/users\/1"}],"replies":[{"embeddable":true,"href":"https:\/\/kraege.de\/ltu\/wp-json\/wp\/v2\/comments?post=1815"}],"version-history":[{"count":5,"href":"https:\/\/kraege.de\/ltu\/wp-json\/wp\/v2\/pages\/1815\/revisions"}],"predecessor-version":[{"id":2487,"href":"https:\/\/kraege.de\/ltu\/wp-json\/wp\/v2\/pages\/1815\/revisions\/2487"}],"up":[{"embeddable":true,"href":"https:\/\/kraege.de\/ltu\/wp-json\/wp\/v2\/pages\/55"}],"wp:attachment":[{"href":"https:\/\/kraege.de\/ltu\/wp-json\/wp\/v2\/media?parent=1815"}],"curies":[{"name":"wp","href":"https:\/\/api.w.org\/{rel}","templated":true}]}}