{"id":1746,"date":"2016-11-25T11:31:05","date_gmt":"2016-11-25T10:31:05","guid":{"rendered":"http:\/\/kraege.de\/kraege-2\/?page_id=1746"},"modified":"2023-03-15T17:57:04","modified_gmt":"2023-03-15T16:57:04","slug":"aprica","status":"publish","type":"page","link":"https:\/\/kraege.de\/ltu\/services\/strawberries\/early-season\/aprica\/","title":{"rendered":"Aprica"},"content":{"rendered":"<div class=\"tabelle-fruechte\">\n<table>\n<tbody>\n<tr>\n<td>Spalva<\/td>\n<td>Vidutini\u0161kai ry\u0161kiai raudona, labai blizgi<\/td>\n<\/tr>\n<tr>\n<td>Pastaba<\/td>\n<td>Jautrus herbicidams (fenmedifamo produktams), labai gra\u017eios prekin\u0117s i\u0161vaizdos, ilgai i\u0161silaikan\u010dios nuskintos, tinka perdirbimui ir tiesioginei prekybai<\/td>\n<\/tr>\n<\/tbody>\n<\/table>\n<\/div>\n<div class=\"reifezeit\"><\/div>\n<div class=\"herkunft\">\u2013 saugoma veisl\u0117, savininkas: CIV, Italija<\/div>\n<p>\u201eAprica\u201c yra ital\u0173 (C.I.V.) nauja, vidutinio ankstyvumo veisl\u0117. Noksta 4 dienomis v\u0117liau<br \/>\nnei Clery. Ry\u0161kiai raudonos, k\u016bgin\u0117s, labai gra\u017eiai blizgan\u010dios, didel\u0117s ir sunkios, lengvai skinamos uogos.<br \/>\nAprica pasi\u017eymi 1 klas\u0117s uogomis labiau skirtomis perdirbimui, skonis vidutinis.<br \/>\nAprica kr\u016bmai tvirti ir stat\u016bs, veisl\u0117 atspari lap\u0173 ir \u0161akn\u0173 ligoms. \u017diedai pasisl\u0117p\u0119 po lapais, tod\u0117l apsisaugoti nuo pavasarini\u0173 \u0161aln\u0173 ir stipraus lietaus.<br \/>\nAprica yra jautri herbicidams, ypa\u010d fenmedifamo produktams.<\/p>\n","protected":false},"excerpt":{"rendered":"<p>Spalva Vidutini\u0161kai ry\u0161kiai raudona, labai blizgi Pastaba Jautrus herbicidams (fenmedifamo produktams), labai gra\u017eios prekin\u0117s i\u0161vaizdos, ilgai i\u0161silaikan\u010dios nuskintos, tinka perdirbimui ir tiesioginei prekybai \u2013 saugoma veisl\u0117, savininkas: CIV, Italija \u201eAprica\u201c yra ital\u0173 (C.I.V.) nauja, vidutinio ankstyvumo veisl\u0117. Noksta 4 dienomis v\u0117liau nei Clery. Ry\u0161kiai raudonos, k\u016bgin\u0117s, labai gra\u017eiai blizgan\u010dios, didel\u0117s ir sunkios, lengvai skinamos uogos. [&hellip;]<\/p>\n","protected":false},"author":1,"featured_media":0,"parent":53,"menu_order":16,"comment_status":"closed","ping_status":"closed","template":"page_frucht.php","meta":[],"yoast_head":"<!-- This site is optimized with the Yoast SEO plugin v17.2.1 - https:\/\/yoast.com\/wordpress\/plugins\/seo\/ -->\n<meta name=\"robots\" content=\"index, follow, max-snippet:-1, max-image-preview:large, max-video-preview:-1\" \/>\n<link rel=\"canonical\" href=\"https:\/\/kraege.de\/ltu\/services\/strawberries\/early-season\/aprica\/\" \/>\n<meta property=\"og:locale\" content=\"lt_LT\" \/>\n<meta property=\"og:type\" content=\"article\" \/>\n<meta property=\"og:title\" content=\"Aprica - KRAEGE Beerenpflanzen ltu\" \/>\n<meta property=\"og:description\" content=\"Spalva Vidutini\u0161kai ry\u0161kiai raudona, labai blizgi Pastaba Jautrus herbicidams (fenmedifamo produktams), labai gra\u017eios prekin\u0117s i\u0161vaizdos, ilgai i\u0161silaikan\u010dios nuskintos, tinka perdirbimui ir tiesioginei prekybai \u2013 saugoma veisl\u0117, savininkas: CIV, Italija \u201eAprica\u201c yra ital\u0173 (C.I.V.) nauja, vidutinio ankstyvumo veisl\u0117. Noksta 4 dienomis v\u0117liau nei Clery. Ry\u0161kiai raudonos, k\u016bgin\u0117s, labai gra\u017eiai blizgan\u010dios, didel\u0117s ir sunkios, lengvai skinamos uogos. [&hellip;]\" \/>\n<meta property=\"og:url\" content=\"https:\/\/kraege.de\/ltu\/services\/strawberries\/early-season\/aprica\/\" \/>\n<meta property=\"og:site_name\" content=\"KRAEGE Beerenpflanzen ltu\" \/>\n<meta property=\"article:modified_time\" content=\"2023-03-15T16:57:04+00:00\" \/>\n<meta name=\"twitter:card\" content=\"summary\" \/>\n<meta name=\"twitter:label1\" content=\"Est. reading time\" \/>\n\t<meta name=\"twitter:data1\" content=\"1 minut\u0117\" \/>\n<script type=\"application\/ld+json\" class=\"yoast-schema-graph\">{\"@context\":\"https:\/\/schema.org\",\"@graph\":[{\"@type\":\"WebSite\",\"@id\":\"https:\/\/kraege.de\/ltu\/#website\",\"url\":\"https:\/\/kraege.de\/ltu\/\",\"name\":\"KRAEGE Beerenpflanzen ltu\",\"description\":\"Erdbeeren und Himbeeren aus der Region | Telgte | M\\u00fcnster | Warendorf\",\"potentialAction\":[{\"@type\":\"SearchAction\",\"target\":{\"@type\":\"EntryPoint\",\"urlTemplate\":\"https:\/\/kraege.de\/ltu\/?s={search_term_string}\"},\"query-input\":\"required name=search_term_string\"}],\"inLanguage\":\"lt-LT\"},{\"@type\":\"WebPage\",\"@id\":\"https:\/\/kraege.de\/ltu\/services\/strawberries\/early-season\/aprica\/#webpage\",\"url\":\"https:\/\/kraege.de\/ltu\/services\/strawberries\/early-season\/aprica\/\",\"name\":\"Aprica - KRAEGE Beerenpflanzen ltu\",\"isPartOf\":{\"@id\":\"https:\/\/kraege.de\/ltu\/#website\"},\"datePublished\":\"2016-11-25T10:31:05+00:00\",\"dateModified\":\"2023-03-15T16:57:04+00:00\",\"breadcrumb\":{\"@id\":\"https:\/\/kraege.de\/ltu\/services\/strawberries\/early-season\/aprica\/#breadcrumb\"},\"inLanguage\":\"lt-LT\",\"potentialAction\":[{\"@type\":\"ReadAction\",\"target\":[\"https:\/\/kraege.de\/ltu\/services\/strawberries\/early-season\/aprica\/\"]}]},{\"@type\":\"BreadcrumbList\",\"@id\":\"https:\/\/kraege.de\/ltu\/services\/strawberries\/early-season\/aprica\/#breadcrumb\",\"itemListElement\":[{\"@type\":\"ListItem\",\"position\":1,\"name\":\"Home\",\"item\":\"https:\/\/kraege.de\/ltu\/\"},{\"@type\":\"ListItem\",\"position\":2,\"name\":\"Services\",\"item\":\"https:\/\/kraege.de\/ltu\/services\/\"},{\"@type\":\"ListItem\",\"position\":3,\"name\":\"Strawberries\",\"item\":\"https:\/\/kraege.de\/ltu\/services\/strawberries\/\"},{\"@type\":\"ListItem\",\"position\":4,\"name\":\"Ankstyvos veisl\\u0117s\",\"item\":\"https:\/\/kraege.de\/ltu\/services\/strawberries\/early-season\/\"},{\"@type\":\"ListItem\",\"position\":5,\"name\":\"Aprica\"}]}]}<\/script>\n<!-- \/ Yoast SEO plugin. -->","yoast_head_json":{"robots":{"index":"index","follow":"follow","max-snippet":"max-snippet:-1","max-image-preview":"max-image-preview:large","max-video-preview":"max-video-preview:-1"},"canonical":"https:\/\/kraege.de\/ltu\/services\/strawberries\/early-season\/aprica\/","og_locale":"lt_LT","og_type":"article","og_title":"Aprica - KRAEGE Beerenpflanzen ltu","og_description":"Spalva Vidutini\u0161kai ry\u0161kiai raudona, labai blizgi Pastaba Jautrus herbicidams (fenmedifamo produktams), labai gra\u017eios prekin\u0117s i\u0161vaizdos, ilgai i\u0161silaikan\u010dios nuskintos, tinka perdirbimui ir tiesioginei prekybai \u2013 saugoma veisl\u0117, savininkas: CIV, Italija \u201eAprica\u201c yra ital\u0173 (C.I.V.) nauja, vidutinio ankstyvumo veisl\u0117. Noksta 4 dienomis v\u0117liau nei Clery. Ry\u0161kiai raudonos, k\u016bgin\u0117s, labai gra\u017eiai blizgan\u010dios, didel\u0117s ir sunkios, lengvai skinamos uogos. [&hellip;]","og_url":"https:\/\/kraege.de\/ltu\/services\/strawberries\/early-season\/aprica\/","og_site_name":"KRAEGE Beerenpflanzen ltu","article_modified_time":"2023-03-15T16:57:04+00:00","twitter_card":"summary","twitter_misc":{"Est. reading time":"1 minut\u0117"},"schema":{"@context":"https:\/\/schema.org","@graph":[{"@type":"WebSite","@id":"https:\/\/kraege.de\/ltu\/#website","url":"https:\/\/kraege.de\/ltu\/","name":"KRAEGE Beerenpflanzen ltu","description":"Erdbeeren und Himbeeren aus der Region | Telgte | M\u00fcnster | Warendorf","potentialAction":[{"@type":"SearchAction","target":{"@type":"EntryPoint","urlTemplate":"https:\/\/kraege.de\/ltu\/?s={search_term_string}"},"query-input":"required name=search_term_string"}],"inLanguage":"lt-LT"},{"@type":"WebPage","@id":"https:\/\/kraege.de\/ltu\/services\/strawberries\/early-season\/aprica\/#webpage","url":"https:\/\/kraege.de\/ltu\/services\/strawberries\/early-season\/aprica\/","name":"Aprica - KRAEGE Beerenpflanzen ltu","isPartOf":{"@id":"https:\/\/kraege.de\/ltu\/#website"},"datePublished":"2016-11-25T10:31:05+00:00","dateModified":"2023-03-15T16:57:04+00:00","breadcrumb":{"@id":"https:\/\/kraege.de\/ltu\/services\/strawberries\/early-season\/aprica\/#breadcrumb"},"inLanguage":"lt-LT","potentialAction":[{"@type":"ReadAction","target":["https:\/\/kraege.de\/ltu\/services\/strawberries\/early-season\/aprica\/"]}]},{"@type":"BreadcrumbList","@id":"https:\/\/kraege.de\/ltu\/services\/strawberries\/early-season\/aprica\/#breadcrumb","itemListElement":[{"@type":"ListItem","position":1,"name":"Home","item":"https:\/\/kraege.de\/ltu\/"},{"@type":"ListItem","position":2,"name":"Services","item":"https:\/\/kraege.de\/ltu\/services\/"},{"@type":"ListItem","position":3,"name":"Strawberries","item":"https:\/\/kraege.de\/ltu\/services\/strawberries\/"},{"@type":"ListItem","position":4,"name":"Ankstyvos veisl\u0117s","item":"https:\/\/kraege.de\/ltu\/services\/strawberries\/early-season\/"},{"@type":"ListItem","position":5,"name":"Aprica"}]}]}},"_links":{"self":[{"href":"https:\/\/kraege.de\/ltu\/wp-json\/wp\/v2\/pages\/1746"}],"collection":[{"href":"https:\/\/kraege.de\/ltu\/wp-json\/wp\/v2\/pages"}],"about":[{"href":"https:\/\/kraege.de\/ltu\/wp-json\/wp\/v2\/types\/page"}],"author":[{"embeddable":true,"href":"https:\/\/kraege.de\/ltu\/wp-json\/wp\/v2\/users\/1"}],"replies":[{"embeddable":true,"href":"https:\/\/kraege.de\/ltu\/wp-json\/wp\/v2\/comments?post=1746"}],"version-history":[{"count":10,"href":"https:\/\/kraege.de\/ltu\/wp-json\/wp\/v2\/pages\/1746\/revisions"}],"predecessor-version":[{"id":2528,"href":"https:\/\/kraege.de\/ltu\/wp-json\/wp\/v2\/pages\/1746\/revisions\/2528"}],"up":[{"embeddable":true,"href":"https:\/\/kraege.de\/ltu\/wp-json\/wp\/v2\/pages\/53"}],"wp:attachment":[{"href":"https:\/\/kraege.de\/ltu\/wp-json\/wp\/v2\/media?parent=1746"}],"curies":[{"name":"wp","href":"https:\/\/api.w.org\/{rel}","templated":true}]}}