{"id":155,"date":"2015-04-15T11:53:27","date_gmt":"2015-04-15T09:53:27","guid":{"rendered":"http:\/\/kraege.de\/kraege-21\/?page_id=155"},"modified":"2023-03-15T14:37:16","modified_gmt":"2023-03-15T13:37:16","slug":"malwina","status":"publish","type":"page","link":"https:\/\/kraege.de\/ltu\/services\/strawberries\/late-season\/malwina\/","title":{"rendered":"Malwina"},"content":{"rendered":"<div class=\"tabelle-fruechte\">\n<table>\n<tbody>\n<tr>\n<td>Spalva<\/td>\n<td>Raudona, blizganti<\/td>\n<\/tr>\n<tr>\n<td>Pastaba<\/td>\n<td>Labai v\u0117lyva veisl\u0117, savidulk\u0117, tinkama tiesioginei prekybai<\/td>\n<\/tr>\n<\/tbody>\n<\/table>\n<\/div>\n<div class=\"reifezeit\"><\/div>\n<div class=\"herkunft\">\u2013 saugoma veisl\u0117, veisl\u0117s savininkas: Peter Stoppel, Vokietija<\/div>\n<p><a href=\"https:\/\/kraege.de\/kraege-2\/wp-content\/uploads\/sites\/8\/2015\/04\/www.en_malwina.jpg\"><img loading=\"lazy\" class=\"wp-image-1624 size-medium alignleft\" src=\"https:\/\/kraege.de\/kraege-2\/wp-content\/uploads\/sites\/8\/2015\/04\/www.en_malwina-211x320.jpg\" alt=\"\" width=\"211\" height=\"320\" srcset=\"https:\/\/kraege.de\/ltu\/wp-content\/uploads\/sites\/8\/2015\/04\/www.en_malwina-211x320.jpg 211w, https:\/\/kraege.de\/ltu\/wp-content\/uploads\/sites\/8\/2015\/04\/www.en_malwina-768x1167.jpg 768w, https:\/\/kraege.de\/ltu\/wp-content\/uploads\/sites\/8\/2015\/04\/www.en_malwina-674x1024.jpg 674w, https:\/\/kraege.de\/ltu\/wp-content\/uploads\/sites\/8\/2015\/04\/www.en_malwina.jpg 1056w\" sizes=\"(max-width: 211px) 100vw, 211px\" \/><\/a>Malvina yra v\u0117lyviausiai deranti tiesioginei prekybai tinkama veisl\u0117, derliaus nu\u0117mimo laikas ma\u017edaug 22 dienos po \u201eElsanta\u201c (ma\u017edaug 12 dien\u0173 po \u201eFlorencia\u201c). \u201eMalwina\u201c yra sukry\u017eminta \u201eSofie\u201d su \u201eKlon\u201d (Schimmelpfeng, Weihen\u00adstephan). Sukry\u017eminimas buvo atliktas Peterio Stoppelio, Kressbronn, 1998 m.<br \/>\nAugalas yra labai tvirtas ir stiprus, tamsiai \u017eali, vidutinio dyd\u017eio blizg\u016bs lapai. \u201eMalwina\u201c \u017eydi po lapais, uogos pasisl\u0117p\u0119, derlinga.<br \/>\nAtspari, \u201eVerticillium\u201c\u2013 grybeliams.<br \/>\nVaisiai yra dideli, tvirti ir blizg\u016bs, vidutini\u0161kai raudoni su raudonu vidumi. Skonis lengvas, \u012fvairus.<br \/>\nGreitai skinasi (patogu didmeninei prekybai), noksta labai tolygiai. \u201eMalwina\u201c uogos gra\u017eios,<br \/>\nturin\u010dios savit\u0105 aromat\u0105 kaip \u201eBra\u0161k\u0117s i\u0161 mo\u010diut\u0117s sodo\u201c (kliento citata).<br \/>\nMalvinos derlius yra ma\u017edaug 15% ma\u017eesnis nei \u201eElsanta\u201c (jei augimas v\u0117luoja apie 20% ma\u017eiau). Dideli\u0173 vaisi\u0173 dalis sudaro 85 proc.<br \/>\n(augimui v\u0117luojant ma\u017edaug 77%). 1 klas\u0117s uogos yra didesn\u0117s nei \u201eElsanta\u201c. Skynimas yra ma\u017edaug 15% l\u0117tesnis (trumpi uog\u0173 stiebai, stori lapai).<br \/>\nAzoto kiekis turi b\u016bti tinkamas. Norm\u0105 derinti pagal klimato s\u0105lygas (padauginus azoto bus daug derliaus nuostoli\u0173). Ma\u017edaug 3% uog\u0173 atsiranda vadinam\u0173j\u0173 \u201eneteising\u0173 \u017eiedyn\u0173\u201c. Tai yra genetinis defektas. Viename kr\u016bme yra ma\u017edaug viena uoga su i\u0161augusiais lapais ant jos.<br \/>\nMalvina yra pakankamai tvirta ir gana atspari ligoms,, \u201eVerticillium\u201c\u2013 grybeliams, uog\u0173 puviniui, miltligei. Atspari stipriam lietui ir saul\u0117s nudegimui.<\/p>\n<p><strong><br \/>\nLabai svarbi prie\u017ei\u016bra prie\u0161 \u017eiedgrau\u017e\u012f straubliuk\u0105 ir tripsus<br \/>\n<\/strong><\/p>\n<p><a href=\"https:\/\/kraege.de\/kraege-2\/wp-content\/uploads\/sites\/8\/2016\/02\/Malwina_im_vergleich_en3.jpg\"><img loading=\"lazy\" class=\"alignleft wp-image-1663 size-large\" src=\"https:\/\/kraege.de\/kraege-2\/wp-content\/uploads\/sites\/8\/2016\/02\/Malwina_im_vergleich_en3-1024x428.jpg\" alt=\"\" width=\"1024\" height=\"428\" srcset=\"https:\/\/kraege.de\/ltu\/wp-content\/uploads\/sites\/8\/2016\/02\/Malwina_im_vergleich_en3-1024x428.jpg 1024w, https:\/\/kraege.de\/ltu\/wp-content\/uploads\/sites\/8\/2016\/02\/Malwina_im_vergleich_en3-320x134.jpg 320w, https:\/\/kraege.de\/ltu\/wp-content\/uploads\/sites\/8\/2016\/02\/Malwina_im_vergleich_en3-768x321.jpg 768w\" sizes=\"(max-width: 1024px) 100vw, 1024px\" \/><\/a><\/p>\n","protected":false},"excerpt":{"rendered":"<p>Spalva Raudona, blizganti Pastaba Labai v\u0117lyva veisl\u0117, savidulk\u0117, tinkama tiesioginei prekybai \u2013 saugoma veisl\u0117, veisl\u0117s savininkas: Peter Stoppel, Vokietija Malvina yra v\u0117lyviausiai deranti tiesioginei prekybai tinkama veisl\u0117, derliaus nu\u0117mimo laikas ma\u017edaug 22 dienos po \u201eElsanta\u201c (ma\u017edaug 12 dien\u0173 po \u201eFlorencia\u201c). \u201eMalwina\u201c yra sukry\u017eminta \u201eSofie\u201d su \u201eKlon\u201d (Schimmelpfeng, Weihen\u00adstephan). Sukry\u017eminimas buvo atliktas Peterio Stoppelio, Kressbronn, 1998 [&hellip;]<\/p>\n","protected":false},"author":1,"featured_media":0,"parent":59,"menu_order":8,"comment_status":"open","ping_status":"closed","template":"page_frucht.php","meta":[],"yoast_head":"<!-- This site is optimized with the Yoast SEO plugin v17.2.1 - https:\/\/yoast.com\/wordpress\/plugins\/seo\/ -->\n<meta name=\"robots\" content=\"index, follow, max-snippet:-1, max-image-preview:large, max-video-preview:-1\" \/>\n<link rel=\"canonical\" href=\"https:\/\/kraege.de\/ltu\/services\/strawberries\/late-season\/malwina\/\" \/>\n<meta property=\"og:locale\" content=\"lt_LT\" \/>\n<meta property=\"og:type\" content=\"article\" \/>\n<meta property=\"og:title\" content=\"Malwina - KRAEGE Beerenpflanzen ltu\" \/>\n<meta property=\"og:description\" content=\"Spalva Raudona, blizganti Pastaba Labai v\u0117lyva veisl\u0117, savidulk\u0117, tinkama tiesioginei prekybai \u2013 saugoma veisl\u0117, veisl\u0117s savininkas: Peter Stoppel, Vokietija Malvina yra v\u0117lyviausiai deranti tiesioginei prekybai tinkama veisl\u0117, derliaus nu\u0117mimo laikas ma\u017edaug 22 dienos po \u201eElsanta\u201c (ma\u017edaug 12 dien\u0173 po \u201eFlorencia\u201c). \u201eMalwina\u201c yra sukry\u017eminta \u201eSofie\u201d su \u201eKlon\u201d (Schimmelpfeng, Weihen\u00adstephan). Sukry\u017eminimas buvo atliktas Peterio Stoppelio, Kressbronn, 1998 [&hellip;]\" \/>\n<meta property=\"og:url\" content=\"https:\/\/kraege.de\/ltu\/services\/strawberries\/late-season\/malwina\/\" \/>\n<meta property=\"og:site_name\" content=\"KRAEGE Beerenpflanzen ltu\" \/>\n<meta property=\"article:modified_time\" content=\"2023-03-15T13:37:16+00:00\" \/>\n<meta property=\"og:image\" content=\"https:\/\/kraege.de\/kraege-2\/wp-content\/uploads\/sites\/8\/2015\/04\/www.en_malwina-211x320.jpg\" \/>\n<meta name=\"twitter:card\" content=\"summary\" \/>\n<meta name=\"twitter:label1\" content=\"Est. reading time\" \/>\n\t<meta name=\"twitter:data1\" content=\"2 minut\u0117s\" \/>\n<script type=\"application\/ld+json\" class=\"yoast-schema-graph\">{\"@context\":\"https:\/\/schema.org\",\"@graph\":[{\"@type\":\"WebSite\",\"@id\":\"https:\/\/kraege.de\/ltu\/#website\",\"url\":\"https:\/\/kraege.de\/ltu\/\",\"name\":\"KRAEGE Beerenpflanzen ltu\",\"description\":\"Erdbeeren und Himbeeren aus der Region | Telgte | M\\u00fcnster | Warendorf\",\"potentialAction\":[{\"@type\":\"SearchAction\",\"target\":{\"@type\":\"EntryPoint\",\"urlTemplate\":\"https:\/\/kraege.de\/ltu\/?s={search_term_string}\"},\"query-input\":\"required name=search_term_string\"}],\"inLanguage\":\"lt-LT\"},{\"@type\":\"ImageObject\",\"@id\":\"https:\/\/kraege.de\/ltu\/services\/strawberries\/late-season\/malwina\/#primaryimage\",\"inLanguage\":\"lt-LT\",\"url\":\"https:\/\/kraege.de\/kraege-2\/wp-content\/uploads\/sites\/8\/2015\/04\/www.en_malwina-211x320.jpg\",\"contentUrl\":\"https:\/\/kraege.de\/kraege-2\/wp-content\/uploads\/sites\/8\/2015\/04\/www.en_malwina-211x320.jpg\"},{\"@type\":\"WebPage\",\"@id\":\"https:\/\/kraege.de\/ltu\/services\/strawberries\/late-season\/malwina\/#webpage\",\"url\":\"https:\/\/kraege.de\/ltu\/services\/strawberries\/late-season\/malwina\/\",\"name\":\"Malwina - KRAEGE Beerenpflanzen ltu\",\"isPartOf\":{\"@id\":\"https:\/\/kraege.de\/ltu\/#website\"},\"primaryImageOfPage\":{\"@id\":\"https:\/\/kraege.de\/ltu\/services\/strawberries\/late-season\/malwina\/#primaryimage\"},\"datePublished\":\"2015-04-15T09:53:27+00:00\",\"dateModified\":\"2023-03-15T13:37:16+00:00\",\"breadcrumb\":{\"@id\":\"https:\/\/kraege.de\/ltu\/services\/strawberries\/late-season\/malwina\/#breadcrumb\"},\"inLanguage\":\"lt-LT\",\"potentialAction\":[{\"@type\":\"ReadAction\",\"target\":[\"https:\/\/kraege.de\/ltu\/services\/strawberries\/late-season\/malwina\/\"]}]},{\"@type\":\"BreadcrumbList\",\"@id\":\"https:\/\/kraege.de\/ltu\/services\/strawberries\/late-season\/malwina\/#breadcrumb\",\"itemListElement\":[{\"@type\":\"ListItem\",\"position\":1,\"name\":\"Home\",\"item\":\"https:\/\/kraege.de\/ltu\/\"},{\"@type\":\"ListItem\",\"position\":2,\"name\":\"Services\",\"item\":\"https:\/\/kraege.de\/ltu\/services\/\"},{\"@type\":\"ListItem\",\"position\":3,\"name\":\"Strawberries\",\"item\":\"https:\/\/kraege.de\/ltu\/services\/strawberries\/\"},{\"@type\":\"ListItem\",\"position\":4,\"name\":\"V\\u0117lyvosveisl\\u0117s\",\"item\":\"https:\/\/kraege.de\/ltu\/services\/strawberries\/late-season\/\"},{\"@type\":\"ListItem\",\"position\":5,\"name\":\"Malwina\"}]}]}<\/script>\n<!-- \/ Yoast SEO plugin. -->","yoast_head_json":{"robots":{"index":"index","follow":"follow","max-snippet":"max-snippet:-1","max-image-preview":"max-image-preview:large","max-video-preview":"max-video-preview:-1"},"canonical":"https:\/\/kraege.de\/ltu\/services\/strawberries\/late-season\/malwina\/","og_locale":"lt_LT","og_type":"article","og_title":"Malwina - KRAEGE Beerenpflanzen ltu","og_description":"Spalva Raudona, blizganti Pastaba Labai v\u0117lyva veisl\u0117, savidulk\u0117, tinkama tiesioginei prekybai \u2013 saugoma veisl\u0117, veisl\u0117s savininkas: Peter Stoppel, Vokietija Malvina yra v\u0117lyviausiai deranti tiesioginei prekybai tinkama veisl\u0117, derliaus nu\u0117mimo laikas ma\u017edaug 22 dienos po \u201eElsanta\u201c (ma\u017edaug 12 dien\u0173 po \u201eFlorencia\u201c). \u201eMalwina\u201c yra sukry\u017eminta \u201eSofie\u201d su \u201eKlon\u201d (Schimmelpfeng, Weihen\u00adstephan). Sukry\u017eminimas buvo atliktas Peterio Stoppelio, Kressbronn, 1998 [&hellip;]","og_url":"https:\/\/kraege.de\/ltu\/services\/strawberries\/late-season\/malwina\/","og_site_name":"KRAEGE Beerenpflanzen ltu","article_modified_time":"2023-03-15T13:37:16+00:00","og_image":[{"url":"https:\/\/kraege.de\/kraege-2\/wp-content\/uploads\/sites\/8\/2015\/04\/www.en_malwina-211x320.jpg"}],"twitter_card":"summary","twitter_misc":{"Est. reading time":"2 minut\u0117s"},"schema":{"@context":"https:\/\/schema.org","@graph":[{"@type":"WebSite","@id":"https:\/\/kraege.de\/ltu\/#website","url":"https:\/\/kraege.de\/ltu\/","name":"KRAEGE Beerenpflanzen ltu","description":"Erdbeeren und Himbeeren aus der Region | Telgte | M\u00fcnster | Warendorf","potentialAction":[{"@type":"SearchAction","target":{"@type":"EntryPoint","urlTemplate":"https:\/\/kraege.de\/ltu\/?s={search_term_string}"},"query-input":"required name=search_term_string"}],"inLanguage":"lt-LT"},{"@type":"ImageObject","@id":"https:\/\/kraege.de\/ltu\/services\/strawberries\/late-season\/malwina\/#primaryimage","inLanguage":"lt-LT","url":"https:\/\/kraege.de\/kraege-2\/wp-content\/uploads\/sites\/8\/2015\/04\/www.en_malwina-211x320.jpg","contentUrl":"https:\/\/kraege.de\/kraege-2\/wp-content\/uploads\/sites\/8\/2015\/04\/www.en_malwina-211x320.jpg"},{"@type":"WebPage","@id":"https:\/\/kraege.de\/ltu\/services\/strawberries\/late-season\/malwina\/#webpage","url":"https:\/\/kraege.de\/ltu\/services\/strawberries\/late-season\/malwina\/","name":"Malwina - KRAEGE Beerenpflanzen ltu","isPartOf":{"@id":"https:\/\/kraege.de\/ltu\/#website"},"primaryImageOfPage":{"@id":"https:\/\/kraege.de\/ltu\/services\/strawberries\/late-season\/malwina\/#primaryimage"},"datePublished":"2015-04-15T09:53:27+00:00","dateModified":"2023-03-15T13:37:16+00:00","breadcrumb":{"@id":"https:\/\/kraege.de\/ltu\/services\/strawberries\/late-season\/malwina\/#breadcrumb"},"inLanguage":"lt-LT","potentialAction":[{"@type":"ReadAction","target":["https:\/\/kraege.de\/ltu\/services\/strawberries\/late-season\/malwina\/"]}]},{"@type":"BreadcrumbList","@id":"https:\/\/kraege.de\/ltu\/services\/strawberries\/late-season\/malwina\/#breadcrumb","itemListElement":[{"@type":"ListItem","position":1,"name":"Home","item":"https:\/\/kraege.de\/ltu\/"},{"@type":"ListItem","position":2,"name":"Services","item":"https:\/\/kraege.de\/ltu\/services\/"},{"@type":"ListItem","position":3,"name":"Strawberries","item":"https:\/\/kraege.de\/ltu\/services\/strawberries\/"},{"@type":"ListItem","position":4,"name":"V\u0117lyvosveisl\u0117s","item":"https:\/\/kraege.de\/ltu\/services\/strawberries\/late-season\/"},{"@type":"ListItem","position":5,"name":"Malwina"}]}]}},"_links":{"self":[{"href":"https:\/\/kraege.de\/ltu\/wp-json\/wp\/v2\/pages\/155"}],"collection":[{"href":"https:\/\/kraege.de\/ltu\/wp-json\/wp\/v2\/pages"}],"about":[{"href":"https:\/\/kraege.de\/ltu\/wp-json\/wp\/v2\/types\/page"}],"author":[{"embeddable":true,"href":"https:\/\/kraege.de\/ltu\/wp-json\/wp\/v2\/users\/1"}],"replies":[{"embeddable":true,"href":"https:\/\/kraege.de\/ltu\/wp-json\/wp\/v2\/comments?post=155"}],"version-history":[{"count":48,"href":"https:\/\/kraege.de\/ltu\/wp-json\/wp\/v2\/pages\/155\/revisions"}],"predecessor-version":[{"id":2482,"href":"https:\/\/kraege.de\/ltu\/wp-json\/wp\/v2\/pages\/155\/revisions\/2482"}],"up":[{"embeddable":true,"href":"https:\/\/kraege.de\/ltu\/wp-json\/wp\/v2\/pages\/59"}],"wp:attachment":[{"href":"https:\/\/kraege.de\/ltu\/wp-json\/wp\/v2\/media?parent=155"}],"curies":[{"name":"wp","href":"https:\/\/api.w.org\/{rel}","templated":true}]}}